ate the greatest common factor of 391 and 23.
23
What is the greatest common divisor of 10 and 495?
5
Calculate the highest common divisor of 136 and 833.
17
Calculate the greatest common factor of 176 and 13904.
176
What is the greatest common factor of 15 and 480?
15
What is the highest common divisor of 2150 and 3698?
86
Calculate the greatest common divisor of 10 and 190.
10
What is the greatest common divisor of 26 and 494?
26
Calculate the highest common divisor of 56 and 252.
28
Calculate the greatest common divisor of 5909 and 622.
311
Calculate the highest common divisor of 36 and 9.
9
Calculate the greatest common factor of 76 and 2736.
76
What is the highest common divisor of 1539 and 1881?
171
Calculate the highest common factor of 8903 and 29.
29
Calculate the highest common factor of 129 and 8557.
43
Calculate the greatest common factor of 206 and 2.
2
Calculate the greatest common factor of 2205 and 45.
45
What is the greatest common factor of 575 and 50?
25
What is the greatest common factor of 65 and 600?
5
What is the greatest common divisor of 1919 and 171?
19
Calculate the highest common factor of 32 and 2048.
32
Calculate the highest common factor of 357 and 105.
21
What is the greatest common factor of 2862 and 106?
106
What is the greatest common divisor of 1196 and 156?
52
Calculate the highest common factor of 4773 and 172.
43
Calculate the greatest common factor of 23518 and 22.
22
What is the greatest common divisor of 1024 and 8?
8
What is the greatest common divisor of 1875 and 300?
75
What is the highest common divisor of 16 and 3?
1
What is the highest common divisor of 96 and 39?
3
Calculate the greatest common factor of 1246 and 42.
14
What is the greatest common divisor of 104 and 78?
26
Calculate the greatest common divisor of 8 and 38.
2
What is the greatest common factor of 66 and 506?
22
Calculate the greatest common factor of 700 and 175.
175
Calculate the highest common divisor of 32 and 176.
16
Calculate the greatest common divisor of 39 and 234.
39
What is the highest common factor of 40 and 90?
10
Calculate the highest common divisor of 36 and 132.
12
What is the greatest common factor of 435 and 10353?
87
What is the highest common factor of 41 and 3?
1
What is the highest common divisor of 332 and 581?
83
What is the greatest common divisor of 24 and 1424?
8
What is the greatest common divisor of 105 and 7?
7
What is the greatest common divisor of 2107 and 86?
43
Calculate the greatest common divisor of 302 and 4.
2
What is the greatest common factor of 119 and 2074?
17
Calculate the highest common factor of 29 and 87.
29
What is the highest common factor of 120 and 28?
4
What is the greatest common factor of 128 and 1648?
16
What is the greatest common divisor of 20896 and 64?
32
What is the highest common factor of 27 and 12015?
27
Calculate the greatest common divisor of 53 and 26659.
53
Calculate the greatest common divisor of 77 and 407.
11
Calculate the greatest common factor of 179 and 18.
1
Calculate the highest common factor of 512 and 456.
8
Calculate the highest common factor of 2112 and 10912.
352
Calculate the greatest common factor of 39 and 767.
13
What is the highest common divisor of 33022 and 79?
79
What is the greatest common factor of 22 and 341?
11
What is the highest common factor of 8 and 2168?
8
What is the highest common factor of 129 and 39?
3
What is the greatest common divisor of 42 and 6?
6
What is the highest common divisor of 177 and 590?
59
What is the greatest common factor of 111 and 259?
37
What is the highest common factor of 3193 and 309?
103
What is the highest common divisor of 26 and 884?
26
What is the highest common divisor of 8359 and 39?
13
What is the greatest common factor of 1524 and 60?
12
What is the highest common divisor of 1881 and 228?
57
What is the greatest common divisor of 161 and 24472?
161
What is the greatest common divisor of 91723 and 67?
67
What is the greatest common factor of 251 and 5773?
251
What is the greatest common factor of 5894 and 42?
14
What is the highest common factor of 40 and 230?
10
Calculate the greatest common factor of 13 and 5941.
13
What is the greatest common factor of 13 and 117?
13
Calculate the highest common divisor of 645 and 30.
15
What is the highest common factor of 483 and 126?
21
What is the highest common factor of 1122 and 66?
66
What is the highest common factor of 22 and 8?
2
Calculate the greatest common factor of 540 and 192.
12
What is the highest common divisor of 110 and 20?
10
Calculate the greatest common divisor of 12 and 900.
12
What is the highest common factor of 42 and 17997?
21
Calculate the greatest common factor of 65 and 208.
13
Calculate the greatest common divisor of 23095 and 298.
149
What is the greatest common factor of 1325 and 125?
25
What is the greatest common factor of 162 and 36?
18
What is the highest common factor of 29040 and 55?
55
Calculate the highest common divisor of 1215 and 10.
5
What is the greatest common factor of 563 and 3?
1
Calculate the highest common factor of 21 and 6069.
21
What is the highest common divisor of 141 and 376?
47
Calculate the greatest common factor of 3 and 25.
1
Calculate the highest common factor of 221 and 10829.
221
What is the greatest common factor of 2 and 1634?
2
Calculate the highest common divisor of 77 and 6083.
77
What is the greatest common divisor of 24 and 126?
6
What is the greatest common divisor of 124 and 4?
4
Calculate the greatest common divisor of 3 and 34.
1
What is the greatest common factor of 115 and 161?
23
Calculate the greatest common factor of 663 and 39.
39
What is the greatest common divisor of 966 and 1518?
138
Calculate the highest common factor of 10385 and 310.
155
Calculate the highest common divisor of 160 and 272.
16
What is the highest common divisor of 96 and 30?
6
Calculate the greatest common factor of 845 and 65.
65
Calculate the highest common divisor of 1602 and 18.
18
Calculate the highest common divisor of 609 and 231.
21
Calculate the highest common factor of 10 and 970.
10
What is the highest common factor of 303 and 3?
3
Calculate the highest common factor of 350 and 1442.
14
What is the highest common factor of 15 and 27?
3
Calculate the greatest common factor of 1596 and 168.
84
Calculate the greatest common divisor of 1964 and 12.
4
Calculate the greatest common factor of 308 and 385.
77
What is the highest common factor of 23749 and 187?
187
Calculate the greatest common factor of 54 and 45.
9
Calculate the greatest common divisor of 283 and 1.
1
Calculate the greatest common divisor of 343 and 147.
49
Calculate the highest common divisor of 306 and 238.
34
Calculate the highest common divisor of 110 and 10.
10
Calculate the greatest common divisor of 28918 and 38.
38
What is the greatest common factor of 175 and 945?
35
What is the greatest common divisor of 300 and 12?
12
Calculate the greatest common divisor of 85 and 459.
17
What is the highest common factor of 172 and 2?
2
What is the highest common divisor of 250 and 6200?
50
Calculate the highest common factor of 1656 and 2024.
184
Calculate the greatest common divisor of 58 and 725.
29
Calculate the highest common divisor of 910 and 7098.
182
Calculate the highest common factor of 26 and 42.
2
What is the highest common divisor of 110 and 10?
10
Calculate the highest common factor of 330 and 30.
30
What is the greatest common divisor of 81 and 207?
9
What is the greatest common divisor of 47 and 1081?
47
What is the greatest common divisor of 122 and 13908?
122
What is the greatest common divisor of 72 and 828?
36
What is the greatest common divisor of 18036 and 27?
27
Calculate the highest common factor of 1691 and 89.
89
Calculate the highest common factor of 208 and 48.
16
Calculate the greatest common factor of 288 and 10464.
96
What is the highest common factor of 168 and 48?
24
What is the highest common divisor of 11 and 539?
11
What is the greatest common divisor of 10 and 310?
10
Calculate the highest common divisor of 42 and 486.
6
What is the highest common divisor of 133 and 9139?
19
What is the highest common divisor of 2816 and 275?
11
What is the highest common factor of 10 and 8870?
10
What is the greatest c